s the remainder when 203 is divided by 47?
15
Calculate the remainder when 103 is divided by 22.
15
What is the remainder when 2628 is divided by 523?
13
Calculate the remainder when 6531 is divided by 121.
118
Calculate the remainder when 93 is divided by 21.
9
What is the remainder when 1794 is divided by 15?
9
Calculate the remainder when 65 is divided by 17.
14
What is the remainder when 595 is divided by 26?
23
What is the remainder when 782 is divided by 95?
22
What is the remainder when 624 is divided by 33?
30
Calculate the remainder when 103 is divided by 3.
1
What is the remainder when 304 is divided by 131?
42
What is the remainder when 33 is divided by 21?
12
What is the remainder when 627 is divided by 183?
78
What is the remainder when 884 is divided by 101?
76
What is the remainder when 1151 is divided by 144?
143
Calculate the remainder when 120 is divided by 49.
22
Calculate the remainder when 200 is divided by 86.
28
What is the remainder when 133 is divided by 34?
31
Calculate the remainder when 1153 is divided by 77.
75
Calculate the remainder when 3443 is divided by 41.
40
Calculate the remainder when 1425 is divided by 24.
9
What is the remainder when 72 is divided by 59?
13
Calculate the remainder when 3598 is divided by 72.
70
Calculate the remainder when 1538 is divided by 252.
26
What is the remainder when 341 is divided by 23?
19
Calculate the remainder when 57 is divided by 15.
12
What is the remainder when 43 is divided by 6?
1
What is the remainder when 221 is divided by 74?
73
What is the remainder when 294 is divided by 37?
35
What is the remainder when 4460 is divided by 18?
14
What is the remainder when 1951 is divided by 861?
229
Calculate the remainder when 115 is divided by 24.
19
What is the remainder when 74 is divided by 38?
36
What is the remainder when 283 is divided by 12?
7
Calculate the remainder when 519 is divided by 18.
15
What is the remainder when 1341 is divided by 22?
21
Calculate the remainder when 8780 is divided by 24.
20
What is the remainder when 115 is divided by 17?
13
What is the remainder when 130 is divided by 12?
10
Calculate the remainder when 282 is divided by 88.
18
What is the remainder when 1120 is divided by 221?
15
Calculate the remainder when 122 is divided by 25.
22
What is the remainder when 65 is divided by 22?
21
Calculate the remainder when 1689 is divided by 36.
33
Calculate the remainder when 174 is divided by 60.
54
Calculate the remainder when 27 is divided by 7.
6
Calculate the remainder when 1711 is divided by 68.
11
Calculate the remainder when 300 is divided by 46.
24
What is the remainder when 58 is divided by 21?
16
Calculate the remainder when 369 is divided by 74.
73
What is the remainder when 2507 is divided by 11?
10
Calculate the remainder when 655 is divided by 55.
50
Calculate the remainder when 1725 is divided by 9.
6
What is the remainder when 27 is divided by 12?
3
What is the remainder when 1350 is divided by 140?
90
Calculate the remainder when 3380 is divided by 49.
48
Calculate the remainder when 258 is divided by 146.
112
Calculate the remainder when 458 is divided by 29.
23
What is the remainder when 9 is divided by 8?
1
What is the remainder when 9769 is divided by 14?
11
What is the remainder when 669 is divided by 16?
13
Calculate the remainder when 361 is divided by 109.
34
Calculate the remainder when 2807 is divided by 124.
79
What is the remainder when 213 is divided by 199?
14
Calculate the remainder when 466 is divided by 67.
64
What is the remainder when 292 is divided by 124?
44
What is the remainder when 1999 is divided by 23?
21
What is the remainder when 263 is divided by 63?
11
What is the remainder when 82 is divided by 21?
19
Calculate the remainder when 224 is divided by 33.
26
What is the remainder when 1445 is divided by 10?
5
Calculate the remainder when 312 is divided by 84.
60
What is the remainder when 19 is divided by 15?
4
Calculate the remainder when 2971 is divided by 590.
21
Calculate the remainder when 40 is divided by 14.
12
Calculate the remainder when 142 is divided by 14.
2
What is the remainder when 47 is divided by 47?
0
What is the remainder when 183 is divided by 112?
71
Calculate the remainder when 141 is divided by 72.
69
What is the remainder when 121 is divided by 29?
5
Calculate the remainder when 1715 is divided by 44.
43
Calculate the remainder when 98 is divided by 39.
20
What is the remainder when 285 is divided by 126?
33
Calculate the remainder when 9319 is divided by 13.
11
What is the remainder when 173 is divided by 25?
23
What is the remainder when 246 is divided by 6?
0
What is the remainder when 639 is divided by 192?
63
Calculate the remainder when 15 is divided by 8.
7
Calculate the remainder when 879 is divided by 287.
18
Calculate the remainder when 686 is divided by 16.
14
Calculate the remainder when 1337 is divided by 445.
2
What is the remainder when 86 is divided by 22?
20
What is the remainder when 259 is divided by 193?
66
What is the remainder when 3742 is divided by 26?
24
Calculate the remainder when 494 is divided by 103.
82
What is the remainder when 426 is divided by 39?
36
What is the remainder when 844 is divided by 13?
12
What is the remainder when 1466 is divided by 17?
4
What is the remainder when 100 is divided by 14?
2
Calculate the remainder when 427 is divided by 369.
58
Calculate the remainder when 778 is divided by 164.
122
What is the remainder when 203 is divided by 13?
8
Calculate the remainder when 13 is divided by 4.
1
Calculate the remainder when 196 is divided by 90.
16
What is the remainder when 5659 is divided by 149?
146
Calculate the remainder when 408 is divided by 131.
15
What is the remainder when 2245 is divided by 21?
19
What is the remainder when 4110 is divided by 84?
78
What is the remainder when 462 is divided by 116?
114
Calculate the remainder when 169 is divided by 43.
40
Calculate the remainder when 359 is divided by 24.
23
Calculate the remainder when 521 is divided by 150.
71
Calculate the remainder when 399 is divided by 201.
198
What is the remainder when 69 is divided by 24?
21
What is the remainder when 124 is divided by 14?
12
Calculate the remainder when 26 is divided by 17.
9
Calculate the remainder when 998 is divided by 112.
102
What is the remainder when 229 is divided by 10?
9
Calculate the remainder when 14071 is divided by 32.
23
Calculate the remainder when 391 is divided by 66.
61
What is the remainder when 290 is divided by 7?
3
Calculate the remainder when 130 is divided by 27.
22
Calculate the remainder when 234 is divided by 38.
6
Calculate the remainder when 337 is divided by 71.
53
Calculate the remainder when 173 is divided by 7.
5
What is the remainder when 234 is divided by 35?
24
Calculate the remainder when 144 is divided by 35.
4
What is the remainder when 1288 is divided by 229?
143
What is the remainder when 2063 is divided by 173?
160
Calculate the remainder when 107 is divided by 37.
33
Calculate the remainder when 579 is divided by 7.
5
Calculate the remainder when 491 is divided by 26.
23
What is the remainder when 13063 is divided by 13?
11
What is the remainder when 4084 is divided by 95?
94
What is the remainder when 1462 is divided by 364?
6
Calculate the remainder when 226 is divided by 16.
2
Calculate the remainder when 2909 is divided by 483.
11
Calculate the remainder when 778 is divided by 60.
58
Calculate the remainder when 1018 is divided by 333.
19
Calculate the remainder when 448 is divided by 25.
23
What is the remainder when 935 is divided by 18?
17
Calculate the remainder when 21599 is divided by 54.
53
Calculate the remainder when 1293 is divided by 149.
101
Calculate the remainder when 359 is divided by 40.
39
What is the remainder when 186 is divided by 14?
4
Calculate the remainder when 755 is divided by 8.
3
Calculate the remainder when 171 is divided by 59.
53
What is the remainder when 268 is divided by 78?
34
Calculate the remainder when 452 is divided by 115.
107
What is the remainder when 664 is divided by 167?
163
What is the remainder when 4416 is divided by 34?
30
What is the remainder when 252 is divided by 65?
57
What is the remainder when 526 is divided by 140?
106
Wh